 is the remainder when 3722 is divided by 51?
50
Calculate the remainder when 3185826 is divided by 17.
9
Calculate the remainder when 12448 is divided by 3763.
1159
What is the remainder when 2063 is divided by 35?
33
What is the remainder when 24561 is divided by 23?
20
Calculate the remainder when 65614 is divided by 94.
2
What is the remainder when 1807491 is divided by 13?
10
What is the remainder when 62820 is divided by 73?
40
What is the remainder when 43711 is divided by 61?
35
Calculate the remainder when 3307 is divided by 275.
7
Calculate the remainder when 31736 is divided by 33.
23
Calculate the remainder when 5526 is divided by 337.
134
Calculate the remainder when 3280 is divided by 678.
568
What is the remainder when 16736 is divided by 16709?
27
What is the remainder when 280205 is divided by 55?
35
What is the remainder when 318600 is divided by 102?
54
Calculate the remainder when 11501 is divided by 2362.
2053
What is the remainder when 62231 is divided by 15557?
3
Calculate the remainder when 99033 is divided by 378.
375
Calculate the remainder when 2745 is divided by 226.
33
Calculate the remainder when 2363461 is divided by 65.
61
What is the remainder when 567179 is divided by 460?
459
What is the remainder when 9281 is divided by 17?
16
Calculate the remainder when 2268457 is divided by 404.
401
Calculate the remainder when 75426 is divided by 73.
17
Calculate the remainder when 267730 is divided by 98.
92
Calculate the remainder when 28240 is divided by 9411.
7
What is the remainder when 888155 is divided by 8?
3
Calculate the remainder when 3694 is divided by 3659.
35
Calculate the remainder when 27932 is divided by 89.
75
Calculate the remainder when 104 is divided by 103.
1
Calculate the remainder when 909383 is divided by 37.
34
Calculate the remainder when 97912 is divided by 52.
48
What is the remainder when 1816654 is divided by 241?
237
What is the remainder when 897 is divided by 173?
32
Calculate the remainder when 62098 is divided by 13.
10
Calculate the remainder when 263582 is divided by 35.
32
What is the remainder when 281239 is divided by 1?
0
What is the remainder when 3247 is divided by 415?
342
What is the remainder when 177428 is divided by 185?
13
What is the remainder when 8403 is divided by 911?
204
What is the remainder when 74801 is divided by 131?
0
What is the remainder when 150837 is divided by 411?
0
Calculate the remainder when 10320 is divided by 89.
85
What is the remainder when 54955 is divided by 59?
26
What is the remainder when 48214 is divided by 6884?
26
What is the remainder when 17943 is divided by 5976?
15
What is the remainder when 65583 is divided by 790?
13
Calculate the remainder when 11579 is divided by 60.
59
What is the remainder when 58778 is divided by 112?
90
What is the remainder when 911 is divided by 24?
23
Calculate the remainder when 288262 is divided by 21.
16
Calculate the remainder when 8283 is divided by 259.
254
What is the remainder when 576034 is divided by 41?
25
Calculate the remainder when 5336 is divided by 5192.
144
Calculate the remainder when 2399 is divided by 25.
24
What is the remainder when 17102 is divided by 19?
2
Calculate the remainder when 39906 is divided by 251.
248
What is the remainder when 2038 is divided by 779?
480
What is the remainder when 7404 is divided by 31?
26
What is the remainder when 73914 is divided by 34?
32
What is the remainder when 219877 is divided by 33?
31
What is the remainder when 66671 is divided by 32?
15
What is the remainder when 24069 is divided by 1981?
297
What is the remainder when 645633 is divided by 353?
349
Calculate the remainder when 29235 is divided by 215.
210
What is the remainder when 5112 is divided by 908?
572
What is the remainder when 5556586 is divided by 1389145?
6
Calculate the remainder when 235737 is divided by 155.
137
What is the remainder when 70223 is divided by 74?
71
What is the remainder when 31036 is divided by 237?
226
Calculate the remainder when 2306 is divided by 224.
66
What is the remainder when 1934 is divided by 70?
44
What is the remainder when 674 is divided by 170?
164
Calculate the remainder when 3711 is divided by 3577.
134
What is the remainder when 11340 is divided by 98?
70
Calculate the remainder when 34012 is divided by 70.
62
What is the remainder when 15869 is divided by 59?
57
Calculate the remainder when 61755 is divided by 491.
380
Calculate the remainder when 70321 is divided by 170.
111
What is the remainder when 14130 is divided by 4571?
417
Calculate the remainder when 60927 is divided by 1107.
42
Calculate the remainder when 63678 is divided by 348.
342
What is the remainder when 1093 is divided by 119?
22
What is the remainder when 3571 is divided by 1731?
109
Calculate the remainder when 4494 is divided by 714.
210
Calculate the remainder when 935520 is divided by 11.
3
What is the remainder when 8598 is divided by 1140?
618
Calculate the remainder when 17179 is divided by 1060.
219
Calculate the remainder when 24521 is divided by 12258.
5
Calculate the remainder when 49156 is divided by 32.
4
What is the remainder when 19059 is divided by 307?
25
What is the remainder when 98479 is divided by 1082?
17
What is the remainder when 39635 is divided by 5662?
1
What is the remainder when 7155 is divided by 267?
213
Calculate the remainder when 4690 is divided by 65.
10
What is the remainder when 1520 is divided by 111?
77
Calculate the remainder when 138507 is divided by 134.
85
What is the remainder when 1178 is divided by 173?
140
What is the remainder when 3613 is divided by 3566?
47
Calculate the remainder when 39314 is divided by 134.
52
Calculate the remainder when 3122 is divided by 125.
122
What is the remainder when 2889 is divided by 304?
153
What is the remainder when 73282 is divided by 1837?
1639
What is the remainder when 42280 is divided by 37?
26
What is the remainder when 13450 is divided by 517?
8
Calculate the remainder when 105221 is divided by 65.
51
What is the remainder when 617937 is divided by 35?
12
Calculate the remainder when 214100 is divided by 82.
80
What is the remainder when 12416 is divided by 6175?
66
What is the remainder when 10044 is divided by 1116?
0
Calculate the remainder when 107221 is divided by 309.
307
Calculate the remainder when 2499 is divided by 216.
123
What is the remainder when 353 is divided by 143?
67
What is the remainder when 3679 is divided by 308?
291
Calculate the remainder when 83145 is divided by 73.
71
What is the remainder when 31623 is divided by 47?
39
Calculate the remainder when 42313 is divided by 10563.
61
Calculate the remainder when 879619 is divided by 28.
27
Calculate the remainder when 54190 is divided by 64.
46
What is the remainder when 121603 is divided by 3800?
3
Calculate the remainder when 323752 is divided by 161869.
14
What is the remainder when 156925 is divided by 8?
5
What is the remainder when 52666 is divided by 1423?
15
Calculate the remainder when 13117 is divided by 155.
97
Calculate the remainder when 37849 is divided by 10.
9
What is the remainder when 9921 is divided by 81?
39
Calculate the remainder when 8384 is divided by 81.
41
What is the remainder when 657767 is divided by 20?
7
What is the remainder when 78271 is divided by 8?
7
Calculate the remainder when 92564 is divided by 121.
120
Calculate the remainder when 1421725 is divided by 17.
15
What is the remainder when 500 is divided by 335?
165
What is the remainder when 1094601 is divided by 1099?
1096
What is the remainder when 872751 is divided by 463?
459
What is the remainder when 311985 is divided by 709?
25
What is the remainder when 75232 is divided by 6839?
3
What is the remainder when 3894 is divided by 91?
72
Calculate the remainder when 96591 is divided by 36.
3
What is the remainder when 560 is divided by 100?
60
Calculate the remainder when 1009 is divided by 354.
301
What is the remainder when 1485 is divided by 442?
159
Calculate the remainder when 2869 is divided by 1137.
595
Calculate the remainder when 7656 is divided by 766.
762
Calculate the remainder when 14449 is divided by 56.
1
Calculate the remainder when 10381 is divided by 173.
1
What is the remainder when 3039287 is divid